{"id":4459,"date":"2026-08-30T16:09:11","date_gmt":"2026-08-30T14:09:11","guid":{"rendered":"https:\/\/cppr-pandaroux.org\/?post_type=event&#038;p=4459"},"modified":"2026-08-30T16:09:11","modified_gmt":"2026-08-30T14:09:11","slug":"irpd-a-amneville","status":"publish","type":"event","link":"https:\/\/cppr-pandaroux.org\/en\/evenement\/irpd-a-amneville\/","title":{"rendered":"IRPD \u00e0 Amn\u00e9ville"},"content":{"rendered":"<p>Les 19 et 20 septembre prochain, venez f\u00eater la Journ\u00e9e Internationale du Panda Roux (IRPD) au zoo d&rsquo;Amn\u00e9ville avec nos b\u00e9n\u00e9voles du CPPR !!<\/p>\n<p>Au programme, des jeux, des animations, des \u00e9changes pour d\u00e9couvrir plein de choses sur cet animal en danger dans la nature, et sur nos actions pour le prot\u00e9ger !<\/p>","protected":false},"featured_media":3988,"template":"","meta":{"_monsterinsights_skip_tracking":false,"_monsterinsights_sitenote_active":false,"_monsterinsights_sitenote_note":"","_monsterinsights_sitenote_category":0},"categories":[3],"tags":[],"class_list":["post-4459","event","type-event","status-publish","has-post-thumbnail","hentry","category-evenements"],"aioseo_notices":[],"_links":{"self":[{"href":"https:\/\/cppr-pandaroux.org\/en\/wp-json\/wp\/v2\/event\/4459","targetHints":{"allow":["GET"]}}],"collection":[{"href":"https:\/\/cppr-pandaroux.org\/en\/wp-json\/wp\/v2\/event"}],"about":[{"href":"https:\/\/cppr-pandaroux.org\/en\/wp-json\/wp\/v2\/types\/event"}],"wp:featuredmedia":[{"embeddable":true,"href":"https:\/\/cppr-pandaroux.org\/en\/wp-json\/wp\/v2\/media\/3988"}],"wp:attachment":[{"href":"https:\/\/cppr-pandaroux.org\/en\/wp-json\/wp\/v2\/media?parent=4459"}],"wp:term":[{"taxonomy":"category","embeddable":true,"href":"https:\/\/cppr-pandaroux.org\/en\/wp-json\/wp\/v2\/categories?post=4459"},{"taxonomy":"post_tag","embeddable":true,"href":"https:\/\/cppr-pandaroux.org\/en\/wp-json\/wp\/v2\/tags?post=4459"}],"curies":[{"name":"wp","href":"https:\/\/api.w.org\/{rel}","templated":true}]}}

IRPD à Amnéville

<p>Les 19 et 20 septembre prochain, venez fêter la Journée Internationale du Panda Roux (IRPD) au zoo d&rsquo;Amnéville avec nos bénévoles du CPPR !!</p>
<p>Au programme, des jeux, des animations, des échanges pour découvrir plein de choses sur cet animal en danger dans la nature, et sur nos actions pour le protéger !</p>
